+ i**2 + i + 0*i. Suppose 0*v + 3*v + 9 = 0. What is the units digit of h(v)?
8
What is the tens digit of 1/4 - 111/(-4)?
2
Let k(t) = t**3 + 7*t**2 - 8*t + 6. Suppose 0 = -4*u + u - 24. What is the units digit of k(u)?
6
Suppose -4*a + 17 + 11 = -4*n, 3*a + 6 = 0. Let g be ((-6)/(-4))/(n/12). Let z = g + 9. What is the units digit of z?
7
What is the units digit of 87 + 5/(-15)*3?
6
Suppose -2*y = -7*y - 2*p + 8, 0 = 5*y - 3*p + 12. Suppose y = 3*j - 5*q - 15, -2*j + 4*q + 3 = -5. What is the tens digit of j?
1
Let d be (6 + 21)*4/(-6). What is the units digit of 7/((-21)/d) - -2?
8
Suppose h = -3 + 7. Suppose 0*n - 20 = -h*n. Suppose n*a = 21 + 34. What is the units digit of a?
1
Let w(o) = 2*o**2 - 3*o - 3. Let x be (-2)/(2/3) + 1. What is the tens digit of w(x)?
1
Let i = 517 - 298. What is the hundreds digit of i?
2
Suppose k - 2*y - 24 = 0, 0*k + 3*y - 19 = -k. Suppose k = 2*f + 8. What is the units digit of f?
7
Let a(s) = -s**3 - 7*s**2 + 9. What is the units digit of a(-8)?
3
Suppose -55 = 4*f + 13. Let j(l) = -6*l + 2. Let b be j(-4). Let a = f + b. What is the units digit of a?
9
What is the units digit of (-2)/13 - 558/(-78)?
7
Suppose -3*u + 5*u - q - 10 = 0, -4*u - 2*q + 4 = 0. Suppose -3*z - 115 = -8*z. Suppose -z + 8 = -u*p. What is the units digit of p?
5
Suppose a = -3*a + 8. Suppose -8 = -a*f + 18. What is the units digit of f?
3
Let h = 0 - 0. Suppose h = -3*s - 1 + 4. What is the units digit of s?
1
Suppose 3*q - 79 + 222 = -4*f, 4*f = 3*q + 151. Let p = -30 - q. What is the tens digit of p?
1
Let g(w) = 4*w**3 - w + 1. Let r be g(1). Suppose 2 = -z + r. What is the units digit of z?
2
Let z(j) = j**2 - 8*j + 5. Let k be z(6). Let v be (3 + 4)*(-2)/k. What is the tens digit of 3 + v + -8 - -24?
2
Suppose 5 = 3*o - 4*o. Let s(i) = -i**3 - 4*i**2 + 7*i + 12. What is the units digit of s(o)?
2
Let m be (7 - 6)/(1/3). What is the tens digit of 0*1/m + 18?
1
Let r(l) = l**3 - 3*l**2 - 3*l + 4. What is the tens digit of r(5)?
3
Let y = 62 - 29. What is the tens digit of y?
3
Suppose 10*y - 12*y = 32. Let j = y + 27. What is the tens digit of j?
1
Let k(m) = 5*m**2 - 1. Let a be k(1). Suppose 0 = 3*j - 110 - 25. Suppose c + j = a*c. What is the units digit of c?
5
Let x(s) = 3*s. Let f be x(3). What is the units digit of (-3)/f + 4/3?
1
What is the tens digit of 5*-12*(-54)/45?
7
Suppose 0 = -q + 5*q - 692. What is the units digit of q?
3
Suppose 0*h - 5*h = -185. What is the tens digit of h?
3
Let v(h) = 3 + 0 - h**3 - 2*h + 0 + 2*h**2. Let p be v(2). What is the units digit of (5 - (0 - 0)) + p?
4
Let l(i) = -i**2 + 8*i - 8. Let q be l(6). Suppose -q*g + 11 = -3*g. What is the units digit of g?
1
Let k(o) be the second derivative of 5/2*o**2 + 1/6*o**3 + 0 - 2*o. What is the units digit of k(-4)?
1
Suppose -2*p = -7*p + 165. What is the tens digit of p?
3
Suppose 0 = -4*o + 4*m + 32, -3*o - 4*m + 2*m = -39. What is the units digit of o?
1
Let l = 4 - 1. Suppose -t + 2*t - 4*y - 8 = 0, 88 = l*t + 4*y. What is the units digit of t?
4
Suppose -z + 4*z - 9 = 0. Let p(j) = 6*j**2 + 1. Let m be p(1). Let u = m + z. What is the tens digit of u?
1
Suppose 5*z + 2*a - 16 = a, 16 = -4*a. Suppose -m + 3 = 0, -z*m + 3 + 9 = -3*x. Let q = 10 - x. What is the units digit of q?
0
Suppose 6*m = 11*m - 55. What is the units digit of m?
1
What is the units digit of 0 + 1 + (-87)/(-1)?
8
Let i(p) = 2*p + 1. Let g be i(2). Let h be ((-2)/(-3))/((-4)/(-18)). Suppose -g*b + 2 = -h*b. What is the units digit of b?
1
Let l(m) = -m**2 - 2*m + 15. What is the tens digit of l(0)?
1
Let w = -1 - -78. What is the tens digit of w?
7
Let l be 3/12 + (-398)/(-8). Suppose 3*j - l + 12 = 4*o, 3*j + 4*o + 2 = 0. What is the units digit of j?
6
What is the units digit of 4 - 2 - (-76)/2?
0
Let y be -2*(-6)/2 + 0. Suppose -5*h + 3*h = -y, 2*r + 4*h = 26. What is the units digit of r?
7
Suppose -207 = -0*b - 3*b. Suppose -119 = -c + 3*x, -x + 155 = 2*c - b. Suppose 3*i + 9 = 0, -5*r = -4*i - c + 36. What is the units digit of r?
3
Let c = 106 + -76. Suppose 5*l = 130 - c. What is the units digit of l?
0
Let f = -2 - -1. Suppose 2*m - 3*c - 4 = -5*c, 0 = m - 3*c + 6. What is the units digit of (-1 + m)/(1/f)?
1
Let j = -4 - -4. Suppose -4*q - 13 - 19 = -4*x, -x + 3*q + 6 = j. What is the units digit of x?
9
Suppose 2*h = -2*g + 8, -3*h + 9 + 3 = -2*g. Suppose -h*v = -9*v + 70. What is the units digit of v?
4
Let w = -6 - -9. Suppose -n = -0*z + 3*z, -w*z = -2*n + 36. What is the tens digit of n?
1
Suppose -11 = -5*a + 109. What is the tens digit of a?
2
Let x be 1 + -1 + 3 + -1. Suppose 3*f + 2*p - 45 = 7*p, -x*p - 6 = 0. What is the units digit of f?
0
Let h be (1*-6)/((-6)/9). Let q(k) = -k**3 + 8*k**2 + 11*k + 5. What is the units digit of q(h)?
3
Let z(h) = -h**2 - 24*h - 13. What is the units digit of z(-22)?
1
Let h = 7 - 14. Let x = -5 - h. What is the units digit of x?
2
Let s(o) be the second derivative of 1/6*o**3 + 0 - 2*o + 3/2*o**2. What is the tens digit of s(11)?
1
Let h(v) = -v**3 - 12*v**2 - 13*v + 14. Let t be h(-11). Suppose -t = -5*f + 74. What is the tens digit of f?
2
Let r = -7 - -10. Let f = r - 3. Suppose 0 = 4*p - f*p - 52. What is the tens digit of p?
1
Suppose 3*y = -2*l + 13 + 2, l - 3 = 0. Suppose y*t = t + 4. What is the units digit of t?
2
Suppose -10 = 5*h - x + 18, 3*h = -5*x. Let w be (1 + -2)*h/(-1). Let r(n) = n**3 + 6*n**2 + 3*n - 2. What is the units digit of r(w)?
8
Let x = -2 + 0. Let t be (-3)/((-1)/x*-3). Suppose 3*r - 14 - 9 = z, t*r - 2*z = 10. What is the units digit of r?
9
Suppose 5*g + 3*v - 84 = v, 3*g - v = 57. What is the tens digit of g?
1
Let n(a) = -a + 3. Suppose -3*c = c + 32. Let v be n(c). Suppose 15 = 2*r - v. What is the tens digit of r?
1
Suppose w + 5 = -5. Suppose -5*r - 294 - 146 = 0. What is the units digit of r/w + (-5)/(-25)?
9
Let t(a) = 6*a**2 - 2*a**2 + 3*a**2. What is the units digit of t(-1)?
7
Suppose -4*f + 8 = -3*f. What is the units digit of f?
8
Let n(g) be the second derivative of g**4 - g**2/2 + 7*g. What is the tens digit of n(-1)?
1
Suppose 4*j + 5*c = -508, -c + 2*c = 4*j + 484. Let q = -85 - j. Let m = -19 + q. What is the units digit of m?
8
Let g(u) = 2*u + 2*u + 12 + u - 4*u. Let t be g(-8). Suppose -b - t + 2 = -4*m, 2*m = 2*b - 26. What is the units digit of b?
8
Suppose h + 5 = 0, -4*a + a = 5*h + 31. Let m(r) = -2 - 1 + 3*r - 10*r. What is the units digit of m(a)?
1
Let m = -14 + 4. Let v(y) = -4*y + 12. Let s be v(m). Suppose 0*t + 4*t - s = 0. What is the tens digit of t?
1
Let q = 1 - -7. What is the units digit of q?
8
Let d(c) = c**3 - 7*c**2 + 9*c - 8. Let i be d(6). Suppose 5*n + 0 = i. What is the units digit of n?
2
Suppose -5*b + 2*m - 17 + 172 = 0, -3*m - 51 = -2*b. What is the units digit of b?
3
Let y(n) = 2*n - 8. Let t be -1 - 1 - (-10 - -1). Let l be y(t). Let p = 11 - l. What is the units digit of p?
5
Suppose 4 = -3*o + o. Let m(j) be the third derivative of j**5/12 - j**4/12 - j**3/6 + 2*j**2. What is the tens digit of m(o)?
2
Let u = 405 - 244. What is the tens digit of u?
6
Suppose 5*d - 59 - 93 = -3*u, 5*u + 4*d = 262. What is the tens digit of u?
5
Let d(l) = l + 19. Let o be d(-13). Suppose 3*y = o*y - 93. What is the tens digit of y?
3
Let x be 2 - (2 - (-2 + 4)). Suppose -5*t - 3*f + 95 = 0, -x*t + 6*f = 2*f - 12. What is the tens digit of t?
1
Let b be (1 + 0)*3/1. Suppose 4 = b*l - l. Suppose -c + 2*f + 17 = 0, -c - l*f + 0 + 1 = 0. What is the units digit of c?
9
Let n be 8*(3/(-1) + 2). Let c = 3 - n. What is the tens digit of c?
1
Let v = -41 + 68. Let d = v + -11. What is the tens digit of d?
1
Let g = -1031 + 695. What is the tens digit of 2/(-11) - g/33?
1
What is the hundreds digit of 3/42*200*7?
1
What is the tens digit of 45 + -5*(-4)/20?
4
Suppose 0 = -2*w + 6*w - 48. Let b be 0/(-2) - (-1 + -1). Suppose -b*z - z = -w. What is the units digit of z?
4
Let r(m) = -3*m + 4. Let p(s) = s - 1. Let v(w) = 4*p(w) + r(w). Let u be v(-8). What is the units digit of u/(-20) + (-8)/(-5)?
2
Suppose -11 = -5*s + 4. Suppose 6*o - s*o = 54. What is the tens digit of o?
1
Let n(f) = -2*f + 4. What is the units digit of n(0)?
4
Let o be (2 + -2)/((-2)/1). Suppose -3*a + 3*s - 6 + o = 0, -4 = 2*a - 5*s. What is the units digit of 2 + (2 - a - 1)?
5
Sup